umber?
False
Is 12080017 prime?
True
Is 3046103 a composite number?
False
Is 5760569 a composite number?
True
Is 6648623 a prime number?
True
Is 1270351 a composite number?
True
Is 317201 prime?
False
Is 13616819 composite?
False
Is 11207749 prime?
False
Is 25510313 prime?
True
Is 11409871 a composite number?
True
Is 13195303 a composite number?
True
Is 104391563 prime?
True
Is 14419393 prime?
True
Is 13089859 a composite number?
True
Is 73261231 a prime number?
True
Is 25883471 a prime number?
True
Is 22798579 a composite number?
True
Is 11761049 composite?
True
Is 636093485 composite?
True
Is 116257 a prime number?
True
Is 2460527 a composite number?
False
Is 12709919 a composite number?
False
Is 12223993 a composite number?
True
Is 8217455 a composite number?
True
Is 29224379 composite?
False
Is 140884213 a prime number?
False
Is 8995681 a composite number?
False
Is 4090179 a prime number?
False
Is 343433483 a composite number?
False
Is 7790143 a composite number?
False
Is 14681633 a prime number?
True
Is 153991027 a prime number?
False
Is 9209229 a prime number?
False
Is 20124479 prime?
True
Is 29262589 prime?
False
Is 113179019 composite?
False
Is 93280331 prime?
True
Is 36083417 a composite number?
False
Is 747075361 a prime number?
False
Is 1162997 a composite number?
True
Is 17691767 a composite number?
False
Is 67142111 a prime number?
False
Is 65450591 prime?
True
Is 2282419 prime?
False
Is 811179311 a prime number?
True
Is 3895833 composite?
True
Is 1441411 prime?
True
Is 6331817 a composite number?
False
Is 9527309 prime?
False
Is 34159123 a composite number?
False
Is 31593377 a composite number?
False
Is 8191943 prime?
False
Is 7501943 a composite number?
True
Is 182452187 prime?
True
Is 3317854 composite?
True
Is 3635641 prime?
False
Is 497579 a prime number?
True
Is 19161209 prime?
True
Is 2903233 a prime number?
False
Is 4973483 a composite number?
False
Is 100126933 a composite number?
False
Is 3939209 prime?
True
Is 14607703 prime?
False
Is 164715203 a composite number?
True
Is 573789985 prime?
False
Is 124634519 composite?
False
Is 367522927 a prime number?
True
Is 153030953 composite?
True
Is 118030129 a composite number?
True
Is 1110527 composite?
True
Is 19567673 prime?
False
Is 79896527 a composite number?
True
Is 110472181 prime?
True
Is 1405003 prime?
False
Is 2150171 prime?
True
Is 1562471 composite?
False
Is 42970251 prime?
False
Is 39430129 prime?
True
Is 33892279 composite?
True
Is 34462177 a composite number?
False
Is 36602023 a prime number?
False
Is 9638119 a prime number?
False
Is 987269 composite?
True
Is 615375571 a composite number?
True
Is 29146049 a composite number?
False
Is 8417963 a composite number?
False
Is 2093354 prime?
False
Is 4377973 prime?
True
Is 6529163 prime?
False
Is 26102881 prime?
False
Is 562966109 composite?
False
Is 98996974 a prime number?
False
Is 2919199 a composite number?
False
Is 4334006 a composite number?
True
Is 14721761 a prime number?
True
Is 24668689 a prime number?
True
Is 11592043 composite?
False
Is 33852349 prime?
True
Is 72863551 a composite number?
False
Is 10532147 prime?
False
Is 1554627023 composite?
False
Is 1567931 a composite number?
False
Is 2502917 prime?
True
Is 387190871 a composite number?
False
Is 33550481 prime?
True
Is 66358 composite?
True
Is 178633319 composite?
False
Is 216357293 prime?
True
Is 42051473 prime?
False
Is 2416229 a composite number?
False
Is 10873429 a composite number?
True
Is 1490663 a prime number?
True
Is 3360733 composite?
True
Is 40429643 composite?
True
Is 8852377 composite?
False
Is 330025667 composite?
False
Is 201230959 a prime number?
True
Is 15458399 a prime number?
False
Is 238493413 prime?
True
Is 1105787 prime?
True
Is 47492689 prime?
True
Is 55007 a prime number?
False
Is 2117663 a composite number?
False
Is 2080121 a composite number?
False
Is 9710683 prime?
True
Is 7455313 a prime number?
False
Is 8980061 a prime number?
True
Is 180791 a composite number?
True
Is 506189 composite?
True
Is 1516759 a composite number?
False
Is 2498243 a prime number?
False
Is 107309533 a prime number?
True
Is 4229543 prime?
True
Is 31155181 a composite number?
False
Is 633923 a prime number?
True
Is 15795259 a composite number?
False
Is 122313 a prime number?
False
Is 39746503 composite?
False
Is 4739989 a prime number?
True
Is 1822217 a composite number?
False
Is 1392089 a composite number?
False
Is 15412555 a prime number?
False
Is 622175441 prime?
True
Is 72933041 composite?
False
Is 262926569 a prime number?
True
Is 1378261 composite?
True
Is 15583069 prime?
True
Is 18335257 a prime number?
True
Is 14696855 a prime number?
False
Is 758011 a prime number?
False
Is 11344931 prime?
False
Is 65994193 a composite number?
False
Is 4741237 composite?
False
Is 18126547 a composite number?
False
Is 46392629 prime?
False
Is 24788741 prime?
True
Is 7204913 composite?
False
Is 250617209 composite?
False
Is 25424747 a composite number?
False
Is 2705221 composite?
True
Is 2455366 prime?
False
Is 636349 composite?
True
Is 35460741 composite?
True
Is 7184249 a prime number?
True
Is 367522 a prime number?
False
Is 1141477 prime?
True
Is 4452619 a composite number?
True
Is 191529851 a prime number?
True
Is 101102143 prime?
False
Is 194766347 a prime number?
True
Is 1204437223 prime?
False
Is 11033893 composite?
True
Is 5120809 a composite number?
False
Is 53366093 composite?
True
Is 2604101 a prime number?
True
Is 128448803 prime?
False
Is 307451 a prime number?
True
Is 200064394 composite?
True
Is 3116111 a prime number?
True
Is 21381083 composite?
False
Is 8272113 a composite number?
True
Is 15988667 a prime number?
True
Is 33380789 a prime number?
False
Is 49546883 prime?
False
Is 1957642 composite?
True
Is 1412834 composite?
True
Is 16545973 a prime number?
False
Is 626159 a composite number?
False
Is 4234979 a prime number?
False
Is 59866403 a prime number?
False
Is 55218011 prime?
False
Is 4687783 composite?
False
Is 9167771 a composite number?
False
Is 287728739 a prime number?
True
Is 16749541 a composite number?
False
Is 64653167 composite?
False
Is 6963143 a composite number?
True
Is 74339857 composite?
True
Is 190251841 a composite number?
True
Is 50847941 prime?
True
Is 1207864669 a composite number?
True
Is 77282683 a prime number?
True
Is 5462087 composite?
False
Is 362011 a prime number?
False
Is 167358407 composite?
False
Is 215656477 a prime number?
True
Is 1282813 prime?
False
Is 573375821 prime?
True
Is 6169883 a prime number?
True
Is 8646663 prime?
False
Is 21714137 prime?
True
Is 2455567 prime?
False
Is 814891993 a composite number?
False
Is 803407 a composite number?
True
Is 430553 prime?
True
Is 60331 composite?
False
Is 60707987 a prime number?
False
Is 194297959 a composite number?
False
Is 82792898 a composite number?
True
Is 678329 a prime number?
True
Is 838133 composite?
False
Is 2217749 composite?
False
Is 19020137 a prime number?
True
Is 1724059 composite?
False
Is 52265413 a composite number?
False
Is 11567503 a composite number?
False
Is 25643933 composite?
True
Is 31917227 composite?
False
Is 2740439 a composite number?
True
Is 160017397 a prime number?
True
Is 422209 prime?
True
Is 965507 a composite number?
False
Is 100154177 a prime number?
True
Is 18503117 a composite number?
False
Is 8380859 a composite number?
False
Is 516331 prime?
False
Is 8763197 composite?
True
Is 43774091 a prime number?
True
Is 3550379 composite?
True
Is 507051449 prime?
True
Is 23705447 composite?
False
Is 6071723 a prime number?
False
Is 35569511 a prime number?
True
Is 97360931 prime?
False
Is 384691 a composite number?
False
Is 187283489 prime?
True
Is 32485301 a prime number?
False
Is 7236937 composite?
False
Is 984271 a composite number?
True
Is 16019995 a prime number?
False
Is 77835319 prime?
True
Is 92687 a composite number?
True
Is 4416323 a prime number?
False
Is 6864433 prime?
False
Is 243841061 a prime number?
True
Is 2426041 prime?
True
Is 2179867 prime?
True
Is 701051317 prime?
False
Is 3464779 a prime number?
True
Is 311359 composite?
False
Is 3212435 a composite number?
True
Is 38043041 prime?
False
Is 145692233 a composite number?
False
Is 113489 composite?
False
Is 46237999 prime?
False
Is 4422529 prime?
False
Is 6452